 + (-6)/(-21). Calculate l(s).
-2
Suppose 20 = -b - 4*r + 10, 3*b = 5*r + 21. Let q(x) = -4*x**3 - x**2 + 1. What is q(b)?
-35
Let i(h) = -23*h - 23*h - 7*h**2 - 11*h + h**3 + 64*h - 6. Calculate i(5).
-21
Let o(d) = -3*d**2 - 38*d - 7. Let s(h) = h**2 + 13*h + 2. Let n(t) = 4*o(t) + 11*s(t). Let k be 3/(-12) - 23/4. Determine n(k).
12
Let p(j) = j**3 - 18*j + 41. Let o be p(-5). Let g(c) = -3*c + 4. What is g(o)?
-14
Let x(m) = 0*m + 4*m - 3*m. Let h be (-28)/(-3)*(-108)/(-126). Give x(h).
8
Suppose -111 + 19 = -4*z. Let s = 18 - z. Let n be s - (-4 - 8)/4. Let r(t) = -2*t**3 + t**2 + t. What is r(n)?
18
Suppose 4*u + d = -39, -3*d = -2*u + 1 - 10. Let c(x) = -x**2 - 8*x + 3. Determine c(u).
-6
Let z(o) = -o + 3. Suppose 8*p = 7*p + 5*g - 6, -2*g + 12 = 2*p. Calculate z(p).
-1
Let m(h) = h**2 - 6*h - 5. Suppose -d = -3*d + 44. Let s be ((-17)/3)/(14/42). Let y = d + s. Give m(y).
-10
Let c(u) = u**2 + u + 2. Suppose 29*l + 12 = 35*l. Give c(l).
8
Let s = 18 - 24. Let j(q) = -3*q**2 + 3*q - 19. Let b(l) = l**2 - 2*l + 9. Let o(w) = 5*b(w) + 2*j(w). Give o(s).
-5
Let a = 139 - 112. Let d be (-102)/4 + (-1)/(-2). Let b = d + a. Let s(y) = -5*y + 1. Determine s(b).
-9
Let n be 11/2*(3 - (-1 - 0)). Let j = n - 26. Let o(g) = g**2 + 4*g + 2. Calculate o(j).
2
Let o be 1/(-2)*(7 - -3). Let q(v) be the third derivative of -v**6/120 - v**5/12 - v**4/12 - 5*v**3/6 - 3*v**2 + 114. Give q(o).
5
Let f(u) be the third derivative of -u**6/120 + u**5/12 - u**4/6 + 2*u**3/3 - 82*u**2. Let h = 1 + 2. Give f(h).
10
Let t(m) = -m**2 + 90*m - 1501. Let v be t(68). Let p(s) = 3*s**2 + 8*s - 3. Let y(z) = 10*z**2 + 25*z - 8. Let d(a) = -7*p(a) + 2*y(a). Determine d(v).
10
Suppose 5*w - 41 = i, 27 = 4*w + 13*i - 8*i. Let r(v) = v**2 - 9*v + 8. Determine r(w).
0
Let c(k) = -k**3 + 9*k**2 - 7*k + 11. Suppose -13 = -2*a + 3. Let p be a/(-6)*-6*1. Give c(p).
19
Let h(g) = -1766*g + 0 + 3 + 1773*g + 13. What is h(-3)?
-5
Let g(z) be the first derivative of -z**4/4 + 3*z**3 + 2*z - 36. Let d(y) = y**3 - 8*y**2 - 2. Let n(p) = 7*d(p) + 6*g(p). What is n(2)?
-2
Let j(h) = 2*h + 2*h**2 + 197*h**3 - 1 + 197*h**3 + 192*h**3 - 587*h**3. Calculate j(3).
-4
Let a(k) be the third derivative of -k**6/120 + k**5/6 + k**4/2 - 4*k**3/3 + 8*k**2. What is a(11)?
3
Let m(z) = -z + 1. Let g(i) = -6*i + 2. Suppose v + 1 = 16. Suppose -7*s = -2*s - v. Let q(a) = s*m(a) - g(a). Give q(-1).
-2
Suppose -8 = -4*n - 4*c, -5*c + 14 = 2*n - n. Let s = n - 0. Let w(p) = -p + 2*p - 131*p**3 + 80*p**3 + 48*p**3. Determine w(s).
2
Let s be (-2)/(-10) - (-7)/((-385)/286). Let b(q) = 3*q - 7. Calculate b(s).
-22
Let z(v) = -2*v - 7. Let t be z(-6). Let k(b) = 7*b - 50. Let x be k(5). Let s be (2/(-3))/(t/x). Let j(n) = -n**2 + 3*n. Give j(s).
2
Suppose 4 = b, 4*j + 2*b = -j - 12. Let x(k) = -5*k**2 + 7*k + 14. Let i(l) = -3*l**2 + 5*l + 9. Let m(a) = 8*i(a) - 5*x(a). Determine m(j).
-2
Let g(z) be the first derivative of -4/3*z**3 - 3/2*z**2 + 1/4*z**4 + 1 - 6*z. Suppose -94*m = -3*m - 157 - 298. Give g(m).
4
Let z(y) be the second derivative of -2*y + 1/24*y**4 + y**2 - 1/6*y**3 + 0. Let x(i) be the first derivative of z(i). Give x(0).
-1
Let c(r) = -223 - r**3 + 224 + 5*r - 6*r. Let t(u) = -u - 11. Let w be t(-12). What is c(w)?
-1
Suppose 4*w + 5*t = w - 79, -5*w + t = 85. Let o be (-60)/(-27) + -2 - (-40)/w. Let c(s) = 7*s - 1. Determine c(o).
-15
Let x(l) = -l**3 + 6*l**2 - 7*l + 6. Let y = -35 + 42. Let q(v) = -v**3 + 8*v**2 - 8*v + 12. Let z be q(y). Calculate x(z).
-4
Let o be (-1)/(-1) + (2 - 3). Suppose -4 = 4*h + 3*l, o = -2*h - 0*h - 5*l - 16. Let j(x) = 1 - x**2 + 1 - x + h*x - 2*x. Give j(2).
-4
Let l be 24/28 + (-13)/7. Let w(f) = 8*f**2 - 3*f - 2. What is w(l)?
9
Let n(m) = -m**3 - m**2 - m + 6. Let u be n(0). Let x(v) = 16*v - 7. Let s(j) = -13*j + 6. Let g(h) = 5*s(h) + 4*x(h). What is g(u)?
-4
Let r(l) be the second derivative of -36*l + 3/2*l**3 + 5/2*l**2 + 0 - 1/12*l**4. What is r(9)?
5
Suppose 17 - 17 = 4*x. Suppose -6*l - 12 + 36 = x. Let o(w) = w**2 - 3*w - 1. What is o(l)?
3
Let v be ((-36)/21)/((-4)/14). Suppose 2*g - v*g - 12 = 0. Let i(u) = -2*u. Determine i(g).
6
Let r(f) = -f**2 + f. Let a(o) = -4*o**2 + 2*o - 7. Let k(p) = a(p) - 5*r(p). Determine k(5).
3
Let c(j) = -j**3 - 4*j**2 + 7*j. Let d be (-85)/(-20) + (-1)/4. Let b(o) = o - 1. Let x be b(1). Suppose d*k + 16 + 4 = x. Determine c(k).
-10
Let v(g) be the second derivative of -g**3/2 - 2*g**2 - 3*g + 6. Calculate v(-4).
8
Suppose 0 = -2*x - 2*m + 22, 2*x - 5*m = -x + 65. Let a(n) = -n**2 + 15*n + 4. Give a(x).
4
Let s(l) = -19*l**3 + 19*l**2 - 5*l - 28. Let k(x) = -7*x**3 + 6*x**2 - 2*x - 9. Let i(t) = -8*k(t) + 3*s(t). Give i(9).
-3
Let k(f) be the third derivative of f**8/20160 + f**7/1260 - f**6/144 + 11*f**5/60 + 13*f**2. Let b(j) be the third derivative of k(j). What is b(-5)?
0
Let v(u) be the third derivative of -u**7/840 - u**6/90 + u**5/24 + 7*u**4/24 + 17*u**3/2 + 2*u**2. Let c(a) be the first derivative of v(a). Determine c(-5).
7
Suppose 0 = 8*z - 13 + 5. Let f(b) be the second derivative of -b**3/6 + 2*b. Give f(z).
-1
Let a be ((-45)/(-18))/((-2)/(-4)). Let d(c) = 1 - 6*c + 1 - a*c + 12*c. Suppose 0 = 4*q - 1 + 9. What is d(q)?
0
Let g(l) = -322*l**3 + 3 + l - 2 - 8*l**2 + 321*l**3. Calculate g(-8).
-7
Suppose 5*k + 11 = -g, -2*g - 5 = g + k. Let v be 74/9 - 6/27. Let m(o) = 4*o**2 + 5 + 0*o - o - v + 2. Calculate m(g).
4
Let s(u) = u + 3. Let g(b) = -b**3 + 5*b**2 + 2*b - 8. Let j be g(5). Suppose 0 = j*n - 10*n. Calculate s(n).
3
Let l be 2 - (3/(-3) - 2). Let n(t) = t**2 - t. Let b(m) = 8*m**2 - 14*m + 3. Let u(d) = -b(d) + 6*n(d). Determine u(l).
-13
Let q(g) = 3*g + 5. Let c(u) = -u + 11. Suppose -2*r + 69 = 3*r - 3*k, 85 = 5*r + 5*k. Let t be c(r). What is q(t)?
-7
Let l = 22 + -21. Suppose b + 3*c = -l, 0 = -3*b - 5*c + c - 8. Let d(q) = -4*q - 3. Calculate d(b).
13
Let y(b) = -2*b. Let n(x) = 17*x - 3. Let r(z) = -4*n(z) - 36*y(z). Give r(-2).
4
Let z(r) be the second derivative of r**5/30 - r**3/3 + 10*r**2 - 24*r. Let f(a) be the first derivative of z(a). What is f(2)?
6
Let w(u) = 6 - 3 - 20*u + 28*u - u. Determine w(2).
17
Let a be (-794)/(-6) - (-10)/15. Let h be a/49 + (-2)/(-7). Let r(g) = -16*g**3 + 6*g**3 - g**2 + 6*g**h. What is r(-1)?
3
Let r be -4 - (1 - 1)/(-2). Let v be 82/(-533) + (-56)/(-26). Let s(w) = -4 + 5*w - v - 1 + 11 + w**2. Calculate s(r).
0
Let g(z) = 0 + 50*z + 53*z - 97*z + 2 - 9. Give g(3).
11
Suppose 0 = 4*q - 3*t - 20, -5*t + 3 = 23. Let j(n) = 0*n + 0 - q + 1 + n. Give j(1).
0
Suppose -2*i - 9 = -2*y - 7, 3*y + 5*i - 3 = 0. Let t(p) = 14*p**3 + p**2 - p + 1. Calculate t(y).
15
Suppose 0 = u - 2*u - 4*b + 20, -2*u + 4*b = 20. Suppose -2*j + u*j = -14. Let a(p) = 3*p**2 + j*p + 23 - 26 - 4*p - p**3. What is a(4)?
-7
Let t(z) = -1. Let p(m) = -m + 1. Let u(c) = -p(c) - 2*t(c). Let h be ((-6)/(-10))/(9/45). Let o be (-1 - 4)*(0 - (h + -2)). Calculate u(o).
6
Let h = -196 - -189. Let o(s) = -s**2 - 13*s - 23. Calculate o(h).
19
Let i(c) = c - 14. Let y(j) = -2*j + 27. Let s(n) = -7*i(n) - 3*y(n). Give s(8).
9
Let o(m) be the first derivative of -m**3/3 - 3*m**2/2 - 2. Suppose 2*a - 2 = a. Let d be a*(-1 - (0 - -1)). What is o(d)?
-4
Let s(m) be the second derivative of -1/2*m**3 + 0 - 14*m + 0*m**2. Give s(7).
-21
Let l(y) = -y + 26. Suppose m = -5, 42 = -8*u + 10*u - 2*m. Determine l(u).
10
Suppose -5*o - 84 = -134. Let j(k) = k**3 - 10*k**2 + 3*k - 12. Give j(o).
18
Suppose -6 = -4*s - o + 20, 2*s - 4*o - 4 = 0. Let d(k) = 3*k - 5 + 5 - 2 - 1 + 2. Give d(s).
17
Let f(d) = d**3 + 2*d**2 - 3*d + 1. Suppose -846*t - 18 = -840*t. Give f(t).
1
Let o(n) = 4*n + 3. Let a be ((-48)/40)/(1/(-10)). Suppose 2*f = 4*j - 2*j + a, 2*f - 4 = -2*j. Give o(j).
-5
Let m be (-164)/12 - 2/6. Let c(n) = n + 14. Let d be c(m). Suppose s + w = -s + 3, d = 4*s + 5*w + 3. Let a(y) = -y**3 + 2*y**2 - 4. Give a(s).
-13
Let d = -5 - -7. Suppose 0 = -5*l + 10, 0 = -2*u - d*l + 40. Suppose u = 5*o - 12. Let b(p) = -p**3 + 6*p**2 - 3. Calculate b(o).
-3
Let g(c) = 3*c**2 + 8*c - 5. Let w(o) = 3*o**2 + o + 9. Let q(d) = -8*d**2 - 3*d - 25. Let z(f) = -4*q(f) - 11*w(f). Let p(s) = g(s) + 2*z(s). What is p(-9)?
-12
Let g(u) = 189*u - 561*u + 176*u + 10 + 189*u. What is g(-6)?
52
Let o(v) = -v**